{"version":"1.0","provider_name":"Scubanautic","provider_url":"https:\/\/www.scubanautic.com\/de","title":"Balear Divers startklar in Port D\u2019Andratx - Scubanautic","type":"rich","width":600,"height":338,"html":"<blockquote class=\"wp-embedded-content\" data-secret=\"VcTHGSCOgp\"><a href=\"https:\/\/www.scubanautic.com\/de\/balear-divers-ready-to-go-in-port-dandratx\/\">Balear Divers startklar in Port D\u2019Andratx<\/a><\/blockquote><iframe sandbox=\"allow-scripts\" security=\"restricted\" src=\"https:\/\/www.scubanautic.com\/de\/balear-divers-ready-to-go-in-port-dandratx\/embed\/#?secret=VcTHGSCOgp\" width=\"600\" height=\"338\" title=\"&#8222;Balear Divers startklar in Port D\u2019Andratx&#8220; &#8211; Scubanautic\" data-secret=\"VcTHGSCOgp\" frameborder=\"0\" marginwidth=\"0\" marginheight=\"0\" scrolling=\"no\" class=\"wp-embedded-content\"><\/iframe><script type=\"text\/javascript\">\n\/*! This file is auto-generated *\/\n!function(c,d){\"use strict\";var e=!1,o=!1;if(d.querySelector)if(c.addEventListener)e=!0;if(c.wp=c.wp||{},c.wp.receiveEmbedMessage);else if(c.wp.receiveEmbedMessage=function(e){var t=e.data;if(!t);else if(!(t.secret||t.message||t.value));else if(\/[^a-zA-Z0-9]\/.test(t.secret));else{for(var r,s,a,i=d.querySelectorAll('iframe[data-secret=\"'+t.secret+'\"]'),n=d.querySelectorAll('blockquote[data-secret=\"'+t.secret+'\"]'),o=new RegExp(\"^https?:$\",\"i\"),l=0;l<n.length;l++)n[l].style.display=\"none\";for(l=0;l<i.length;l++)if(r=i[l],e.source!==r.contentWindow);else{if(r.removeAttribute(\"style\"),\"height\"===t.message){if(1e3<(s=parseInt(t.value,10)))s=1e3;else if(~~s<200)s=200;r.height=s}if(\"link\"===t.message)if(s=d.createElement(\"a\"),a=d.createElement(\"a\"),s.href=r.getAttribute(\"src\"),a.href=t.value,!o.test(a.protocol));else if(a.host===s.host)if(d.activeElement===r)c.top.location.href=t.value}}},e)c.addEventListener(\"message\",c.wp.receiveEmbedMessage,!1),d.addEventListener(\"DOMContentLoaded\",t,!1),c.addEventListener(\"load\",t,!1);function t(){if(o);else{o=!0;for(var e,t,r,s=-1!==navigator.appVersion.indexOf(\"MSIE 10\"),a=!!navigator.userAgent.match(\/Trident.*rv:11\\.\/),i=d.querySelectorAll(\"iframe.wp-embedded-content\"),n=0;n<i.length;n++){if(!(r=(t=i[n]).getAttribute(\"data-secret\")))r=Math.random().toString(36).substr(2,10),t.src+=\"#?secret=\"+r,t.setAttribute(\"data-secret\",r);if(s||a)(e=t.cloneNode(!0)).removeAttribute(\"security\"),t.parentNode.replaceChild(e,t);t.contentWindow.postMessage({message:\"ready\",secret:r},\"*\")}}}}(window,document);\n<\/script>\n","description":"Die Balear Divers legen in Port D\u2018Andratx los. Als erste Tauchbasis auf Mallorca haben die Balear Divers nach dem Lockdown wieder er\u00f6ffnet und bieten wieder t\u00e4glich Tauchg\u00e4nge an. Michael hat schon am 22 Mai unter strikter Einhaltung der neuen Sicherheitsvorkehrungen mit Maren den ersten Freiwassertauchgang am Tauchplatz S\u2019Aquilot durchgef\u00fchrt. \u00a0Wer es jetzt nicht mehr erwarten [&hellip;]"}

Die Balear Divers legen in Port D‘Andratx los. Als erste Tauchbasis auf Mallorca haben die Balear Divers nach dem Lockdown wieder eröffnet und bieten wieder täglich Tauchgänge an. Michael hat schon am 22 Mai unter strikter Einhaltung der neuen Sicherheitsvorkehrungen mit Maren den ersten Freiwassertauchgang am Tauchplatz S’Aquilot durchgeführt.  Wer es jetzt nicht mehr erwarten [&hellip;]
